430
In base 6, what is -1152400150332 - 3?
-1152400150335
In base 11, what is -8280576 + 5?
-8280571
In base 6, what is -15042 - 20503?
-35545
In base 9, what is -387377 + 431?
-386846
In base 15, what is 6 - -bb7223?
bb7229
In base 9, what is -162644465 - 5?
-162644471
In base 5, what is 401330334 - 1233?
401324101
In base 5, what is 134140 + -112301?
21334
In base 16, what is -3927 + 1db87?
1a260
In base 7, what is -6351111 + -6?
-6351120
In base 2, what is 101 + -101010100110101011000?
-101010100110101010011
In base 6, what is 31 + -425024?
-424553
In base 2, what is -1010010000000101 + -1101001111?
-1010011101010100
In base 13, what is b70c + -735?
aca7
In base 2, what is -1 - -10101000001110111000?
10101000001110110111
In base 12, what is 2 - 5968566?
-5968564
In base 11, what is 3747293 + 4?
3747297
In base 6, what is 0 - 50021540?
-50021540
In base 16, what is 5c3a + 121?
5d5b
In base 7, what is 24406 + 5103?
32512
In base 15, what is -8cc86 - -5?
-8cc81
In base 2, what is -10 + -10110001101010100010001?
-10110001101010100010011
In base 4, what is -2 + 11023101300332?
11023101300330
In base 15, what is -1c592 - 6?
-1c598
In base 13, what is 5c4 - 6b50?
-6559
In base 9, what is -2367 - -3230?
752
In base 3, what is 1012202101021 + 202000?
1012210010021
In base 12, what is 11 - -679043?
679054
In base 4, what is 32033 + -2001211?
-1303112
In base 4, what is -11 - 201223202?
-201223213
In base 8, what is -371 - -425130?
424537
In base 7, what is -20546200 + -113?
-20546313
In base 11, what is 1409a - 334?
13866
In base 4, what is 222311130301 - 0?
222311130301
In base 11, what is -244 + -508a0?
-51034
In base 9, what is -33442150 + 5?
-33442144
In base 10, what is 4026 + 2715?
6741
In base 4, what is 11203330202 + 100?
11203330302
In base 11, what is 1a935 - -6053?
25988
In base 8, what is -14261 - -41076?
24615
In base 3, what is 12112111002 - -10011021?
12122122100
In base 3, what is -10111121010002000 + 0?
-10111121010002000
In base 13, what is -722 + -1989?
-23ab
In base 7, what is 36 - 503655?
-503616
In base 6, what is -5 - 5340053500?
-5340053505
In base 9, what is 4 - 412201214?
-412201210
In base 11, what is -a582 - -1869?
-8814
In base 10, what is 2422975 + -3?
2422972
In base 2, what is 10110001011000011000001 + 101110?
10110001011000011101111
In base 12, what is -6ab - b17a?
-b869
In base 10, what is -3196 + 31901?
28705
In base 9, what is 1548345 + 1?
1548346
In base 15, what is d + 30001?
3000e
In base 14, what is 1 + -878c038?
-878c037
In base 5, what is 122204 - 100321?
21333
In base 7, what is 100240515530 - 3?
100240515524
In base 8, what is -7413 + 253000?
243365
In base 13, what is 5 + 39953c?
399544
In base 11, what is 142732a4 - -5?
142732a9
In base 2, what is 101110100111 - 101111010111101011?
-101110101001000100
In base 15, what is 3de + -1107?
-c18
In base 7, what is -2365 - -1400246?
1364551
In base 11, what is 16a013 - -126?
16a139
In base 10, what is -18120 + -3053?
-21173
In base 15, what is -20c96 - -23ce?
-1d8b7
In base 3, what is -22202020000 + -20?
-22202020020
In base 10, what is -9 + 153811?
153802
In base 10, what is -203 - -239590?
239387
In base 4, what is 122223322012 + -13?
122223321333
In base 9, what is 26 + 12858566?
12858603
In base 6, what is -2010310450 - 5?
-2010310455
In base 11, what is 1 - -800079?
80007a
In base 13, what is 3 - 236aaa7?
-236aaa4
In base 9, what is -84746 + -317?
-85164
In base 9, what is -557 - -41865?
41307
In base 14, what is 13b07a78 + -4?
13b07a74
In base 11, what is -49141 - -46?
-490a6
In base 2, what is 1000110001 + 10101100111101100010?
10101101000110010011
In base 15, what is b - 13b4abb?
-13b4ab0
In base 15, what is -1b271 + 43c?
-1ad34
In base 14, what is -67513 - -c?
-67505
In base 4, what is -1 - 2012313010?
-2012313011
In base 6, what is -3 + 232553433?
232553430
In base 5, what is -1 - -11003121?
11003120
In base 15, what is -109d3 - 1ea4?
-12987
In base 14, what is -6cdc - -182?
-6b5a
In base 2, what is -11 - -100010111100001?
100010111011110
In base 13, what is a88c87 + -2?
a88c85
In base 7, what is 2062 - -1166420?
1201512
In base 16, what is 1b6c2 + 5d?
1b71f
In base 9, what is 34 - -2688251?
2688285
In base 2, what is 11011000110001000111100011010 - 10?
11011000110001000111100011000
In base 10, what is 4745 + -909?
3836
In base 14, what is -d029311 + 5?
-d02930a
In base 4, what is 2003112 - -101110?
2110222
In base 5, what is 1211300 + 220?
1212020
In base 11, what is 6 - -36a6089?
36a6094
In base 7, what is 306022 - 35?
305654
In base 4, what is 123033213 + -13?
123033200
In base 7, what is 4303 + -1060103?
-1052500
In base 5, what is 331 + 42422220?
42423101
In base 4, what is 1002102300 - -21222?
1002130122
In base 14, what is 3 + -c23c4?
-c23c1
In base 6, what is -122431 + 23025?
-55402
In base 2, what is -1100001101 - 10010101011?
-11110111000
In base 11, what is -6 - 4926216?
-4926221
In base 9, what is -186871 - 43?
-187024
In base 13, what is 53b - -9920?
a15b
In base 12, what is 8879 - -290?
8b49
In base 4, what is 103323030 + -310?
103322120
In base 13, what is -1 - 40c3238?
-40c3239
In base 7, what is 41245104 + -1?
41245103
In base 14, what is -18c9ca + 5?
-18c9c5
In base 10, what is 1156 + -232376?
-231220
In base 3, what is 2120122212 + -10100?
2120112112
In base 11, what is 395585 + -342?
395243
In base 16, what is -21594e + c?
-215942
In base 4, what is -2333100 - 2201302?
-11201002
In base 12, what is -67b912a + -18?
-67b9146
In base 2, what is 10011000001001101010101011010 + 0?
10011000001001101010101011010
In base 15, what is -261445 + -2?
-261447
In base 10, what is 311053 + -16?
311037
In base 16, what is 5b149a - 68?
5b1432
In base 14, what is -2 - -1da7cca9?
1da7cca7
In base 9, what is -1 - -1542728?
1542727
In base 6, what is 1555 + -133451?
-131452
In base 7, what is 5 - -2621223104?
2621223112
In base 6, what is -101425 + 12212?
-45213
In base 16, what is 4174 + -9f78?
-5e04
In base 5, what is 111243242 - 2041?
111241201
In base 13, what is 11425 + 124?
11549
In base 6, what is -243452 + 113125?
-130323
In base 7, what is -3526 + 32254?
25425
In base 15, what is a7 - 1cabdd?
-1cab36
In base 10, what is -5 - -4009537?
4009532
In base 13, what is -4 + -83a474?
-83a478
In base 7, what is 202354402 - -4?
202354406
In base 9, what is 27 - 4018385?
-4018357
In base 2, what is -10101011011 - 10000111000?
-100110010011
In base 8, what is 100407 + -7?
100400
In base 12, what is 17117a + -213?
170b67
In base 6, what is -14422115302 - -3?
-14422115255
In base 9, what is 13534 - 65412?
-51767
In base 7, what is 2026 - 6003026?
-6001000
In base 16, what is -4cc9e49 - 0?
-4cc9e49
In base 5, what is -1132 - -114043?
112411
In base 10, what is -131 + -1545521?
-1545652
In base 13, what is 3b6785 - 13?
3b6772
In base 12, what is -19 - 1161061?
-116107a
In base 16, what is 542ab2 - -1?
542ab3
In base 6, what is 15104225 - 1?
15104224
In base 14, what is 4 + b33a33?
b33a37
In base 10, what is -331 + 410127?
409796
In base 3, what is -12101211022 - -22202011?
-12002002011
In base 10, what is 1043446951 - 2?
1043446949
In base 16, what is 1d - 151e78?
-151e5b
In base 4, what is 101 + 11211210?
11211311
In base 15, what is 32747 + -21?
32726
In base 15, what is -c - 490c?
-4919
In base 14, what is c2 + -1a1a4?
-1a0c2
In base 3, what is -20102210110102 + 101?
-20102210110001
In base 9, what is 168556 + -574?
167872
In base 15, what is -75c1 + -1dec?
-94bd
In base 8, what is 30 + -132654?
-132624
In base 16, what is -602 - -2f1e?
291c
In base 11, what is -3967a - -14a?
-39530
In base 5, what is 22214 + 141434?
214203
In base 11, what is 4799320 - -3?
4799323
In base 8, what is -12163 + -3?
-12166
In base 3, what is 21201102200202101 - -12?
21201102200202120
In base 3, what is 100011112010222 + 1000?
100011112011222
In base 12, what is -3 - 1254960a?
-12549611
In base 9, what is 78 + -782481?
-782402
In base 4, what is 101000013 - -2100?
101002113
In base 11, what is -12936 - 30a?
-13145
In base 3, what is -1 - -201000002210?
201000002202
In base 14, what is -9 - 12443c?
-124447
In base 16, what is -136c9 + 6ae?
-1301b
In base 3, what is 212010221 + -12?
212010202
In base 2, what is -1000111110110 - -101111110111101?
100110111000111
In base 16, wh